{"id":319,"date":"2019-11-07T21:28:09","date_gmt":"2019-11-08T02:28:09","guid":{"rendered":"https:\/\/www.fundacionchisua.org\/web\/?page_id=319"},"modified":"2020-02-22T12:51:18","modified_gmt":"2020-02-22T17:51:18","slug":"mochilas-tic-tac-tep","status":"publish","type":"page","link":"https:\/\/www.fundacionchisua.org\/web\/mochilas-tic-tac-tep\/","title":{"rendered":"MOCHILAS TIC-TAC-TEP"},"content":{"rendered":"<p>[et_pb_section fb_built=\u00bb1&#8243; admin_label=\u00bbHeader\u00bb _builder_version=\u00bb3.25.3&#8243; use_background_color_gradient=\u00bbon\u00bb background_color_gradient_start=\u00bb#00ffd8&#8243; background_color_gradient_end=\u00bb#0029e2&#8243; background_color_gradient_type=\u00bbradial\u00bb background_color_gradient_direction_radial=\u00bbtop right\u00bb background_image=\u00bbhttps:\/\/www.fundacionchisua.org\/web\/wp-content\/uploads\/2019\/11\/cyber-security-17.png\u00bb parallax=\u00bbon\u00bb custom_padding=\u00bb10vw||\u00bb][et_pb_row column_structure=\u00bb1_2,1_2&#8243; _builder_version=\u00bb3.25.1&#8243; z_index=\u00bb1&#8243;][et_pb_column type=\u00bb1_2&#8243; _builder_version=\u00bb3.25.1&#8243;][et_pb_text _builder_version=\u00bb3.27.4&#8243; text_font=\u00bb||||||||\u00bb header_font=\u00bbOverpass|900|||||||\u00bb header_font_size=\u00bb84px\u00bb background_layout=\u00bbdark\u00bb header_font_size_tablet=\u00bb54px\u00bb header_font_size_phone=\u00bb32px\u00bb header_font_size_last_edited=\u00bbon|desktop\u00bb locked=\u00bboff\u00bb]<\/p>\n<h1><strong>MOCHILAS TIC-TAC-TEP<\/strong><\/h1>\n<p>[\/et_pb_text][et_pb_text _builder_version=\u00bb4.0.4&#8243; text_font=\u00bbOverpass|300|||||||\u00bb text_font_size=\u00bb17px\u00bb text_line_height=\u00bb1.8em\u00bb background_layout=\u00bbdark\u00bb text_font_size_tablet=\u00bb\u00bb text_font_size_phone=\u00bb14px\u00bb text_font_size_last_edited=\u00bbon|desktop\u00bb locked=\u00bboff\u00bb]<\/p>\n<h1>Mochilas TIC-TAC-TEP, es un programa que le apuesta al sentido pedag\u00f3gico de las <em>TIC: Tecnolog\u00edas de la Informaci\u00f3n y la Comunicaci\u00f3n, TAC: Tecnolog\u00edas del Aprendizaje y el Conocimiento, TEP: Tecnolog\u00edas del Empoderamiento y la Participaci\u00f3n.<\/em><\/h1>\n<p>[\/et_pb_text][et_pb_button button_url=\u00bbhttps:\/\/www.fundacionchisua.org\/web\/contactenos\/\u00bb button_text=\u00bbCont\u00e1ctenos\u00bb _builder_version=\u00bb4.0.4&#8243; custom_button=\u00bbon\u00bb button_text_size=\u00bb14px\u00bb button_text_color=\u00bb#ffffff\u00bb button_bg_color=\u00bb#47d7ff\u00bb button_border_width=\u00bb0px\u00bb button_border_radius=\u00bb100px\u00bb button_font=\u00bbOverpass|900||on|||||\u00bb button_use_icon=\u00bboff\u00bb custom_padding=\u00bb20px|30px|20px|30px|true|true\u00bb box_shadow_style=\u00bbpreset3&#8243; box_shadow_vertical=\u00bb20px\u00bb box_shadow_blur=\u00bb40px\u00bb box_shadow_spread=\u00bb-10px\u00bb box_shadow_color=\u00bbrgba(23,102,193,0.46)\u00bb locked=\u00bboff\u00bb box_shadow_color__hover=\u00bb#2585b2&#8243; box_shadow_blur__hover_enabled=\u00bbon\u00bb box_shadow_blur__hover=\u00bb20px\u00bb box_shadow_vertical__hover_enabled=\u00bbon\u00bb box_shadow_vertical__hover=\u00bb10px\u00bb][\/et_pb_button][\/et_pb_column][et_pb_column type=\u00bb1_2&#8243; _builder_version=\u00bb3.25.1&#8243;][et_pb_image src=\u00bbhttps:\/\/www.fundacionchisua.org\/web\/wp-content\/uploads\/2019\/11\/cyber-security-13-3.png\u00bb align=\u00bbright\u00bb _builder_version=\u00bb3.25.3&#8243; max_width_tablet=\u00bb400px\u00bb max_width_phone=\u00bb\u00bb max_width_last_edited=\u00bbon|desktop\u00bb custom_margin=\u00bb-8vw|-10vw|2vw|\u00bb custom_margin_tablet=\u00bb-2vw|0vw|-24vw|\u00bb custom_margin_phone=\u00bb\u00bb custom_margin_last_edited=\u00bbon|desktop\u00bb animation_style=\u00bbzoom\u00bb animation_intensity_zoom=\u00bb5%\u00bb locked=\u00bboff\u00bb][\/et_pb_image][\/et_pb_column][\/et_pb_row][et_pb_row _builder_version=\u00bb3.25.1&#8243; width=\u00bb100%\u00bb max_width=\u00bbnone\u00bb z_index=\u00bb0&#8243;][et_pb_column type=\u00bb4_4&#8243; _builder_version=\u00bb3.25.1&#8243;][et_pb_image src=\u00bbhttps:\/\/www.fundacionchisua.org\/web\/wp-content\/uploads\/2019\/11\/cyber-security-01.png\u00bb show_bottom_space=\u00bboff\u00bb force_fullwidth=\u00bbon\u00bb _builder_version=\u00bb3.25.3&#8243; custom_margin=\u00bb-46vw||-2px\u00bb][\/et_pb_image][\/et_pb_column][\/et_pb_row][\/et_pb_section][et_pb_section fb_built=\u00bb1&#8243; admin_label=\u00bbFeatures\u00bb _builder_version=\u00bb3.25.3&#8243;][et_pb_row custom_padding_last_edited=\u00bbon|desktop\u00bb _builder_version=\u00bb4.0.4&#8243; max_width=\u00bbnone\u00bb custom_margin=\u00bb-19vw|auto|-19vw|auto|true|\u00bb custom_margin_tablet=\u00bb0vw||0vw||true\u00bb custom_margin_phone=\u00bb\u00bb custom_margin_last_edited=\u00bbon|desktop\u00bb custom_padding=\u00bb|||20%\u00bb custom_padding_tablet=\u00bb|||0%\u00bb custom_padding_phone=\u00bb\u00bb][et_pb_column type=\u00bb4_4&#8243; _builder_version=\u00bb4.0.4&#8243;][et_pb_text _builder_version=\u00bb4.0.4&#8243; text_font=\u00bbOverpass|300|||||||\u00bb text_font_size=\u00bb61px\u00bb text_line_height=\u00bb1.8em\u00bb header_font_size=\u00bb76px\u00bb header_4_font=\u00bbOverpass|900|||||||\u00bb header_4_line_height=\u00bb1.4em\u00bb min_height=\u00bb113px\u00bb custom_margin=\u00bb-45px|||||\u00bb background_layout_tablet=\u00bbdark\u00bb background_layout_phone=\u00bb\u00bb background_layout_last_edited=\u00bbon|desktop\u00bb locked=\u00bboff\u00bb]<\/p>\n<h4><span style=\"font-size: x-large; color: #000000;\">Asumimos que las tecnolog\u00edas y los medios son parte fundamental de las realidades que ni\u00f1os, ni\u00f1as, j\u00f3venes y comunidades habitan en esta Sociedad del Conocimiento, y por ello, se conciben no como meros instrumentos y aparatos, sino como posibilidades de mediaci\u00f3n, inclusi\u00f3n y alfabetizaci\u00f3n cr\u00edtica, hist\u00f3rica y ciudadana, que permiten cerrar las brechas sociales.<\/span><\/h4>\n<p>[\/et_pb_text][\/et_pb_column][\/et_pb_row][\/et_pb_section][et_pb_section fb_built=\u00bb1&#8243; prev_background_color=\u00bb#ffffff\u00bb admin_label=\u00bbFeature\u00bb _builder_version=\u00bb3.25.3&#8243; use_background_color_gradient=\u00bbon\u00bb background_color_gradient_start=\u00bb#004183&#8243; background_color_gradient_end=\u00bb#001f4c\u00bb background_color_gradient_type=\u00bbradial\u00bb background_image=\u00bbhttps:\/\/www.fundacionchisua.org\/web\/wp-content\/uploads\/2019\/11\/cyber-security-02.png\u00bb background_size=\u00bbcontain\u00bb background_position=\u00bbbottom_center\u00bb custom_padding=\u00bb||0px|||\u00bb top_divider_style=\u00bbslant\u00bb top_divider_height=\u00bb26vw\u00bb top_divider_flip=\u00bbhorizontal\u00bb][et_pb_row column_structure=\u00bb1_2,1_2&#8243; _builder_version=\u00bb4.0.4&#8243; width=\u00bb100%\u00bb custom_margin=\u00bb|199px||auto||\u00bb][et_pb_column type=\u00bb1_2&#8243; _builder_version=\u00bb3.25.1&#8243;][et_pb_image _builder_version=\u00bb4.0.4&#8243; transform_scale=\u00bb250%|250%\u00bb transform_scale_tablet=\u00bb100%|100%\u00bb transform_scale_phone=\u00bb\u00bb transform_scale_last_edited=\u00bbon|desktop\u00bb transform_translate=\u00bb-6vw|4vw\u00bb transform_translate_tablet=\u00bb0vw|0vw\u00bb transform_translate_phone=\u00bb\u00bb transform_translate_last_edited=\u00bbon|desktop\u00bb transform_translate_linked=\u00bboff\u00bb transform_rotate=\u00bb0deg|0deg|57deg\u00bb transform_rotate_tablet=\u00bb0deg|0deg|27deg\u00bb transform_rotate_phone=\u00bb\u00bb transform_rotate_last_edited=\u00bbon|desktop\u00bb transform_skew_tablet=\u00bb\u00bb transform_skew_phone=\u00bb\u00bb transform_skew_last_edited=\u00bbon|desktop\u00bb transform_origin_tablet=\u00bb\u00bb transform_origin_phone=\u00bb\u00bb transform_origin_last_edited=\u00bbon|desktop\u00bb transform_styles_last_edited=\u00bbon|desktop\u00bb custom_margin=\u00bb|||\u00bb transform_styles_tablet=\u00bb\u00bb transform_styles_phone=\u00bb\u00bb border_radii=\u00bbon|500px|500px|500px|500px\u00bb][\/et_pb_image][et_pb_gallery _builder_version=\u00bb4.0.4&#8243; hover_enabled=\u00bb0&#8243; gallery_ids=\u00bb903,904&#8243; title_font_size=\u00bb0px\u00bb custom_margin=\u00bb235px|||||\u00bb][\/et_pb_gallery][et_pb_gallery _builder_version=\u00bb4.0.4&#8243; hover_enabled=\u00bb0&#8243; gallery_ids=\u00bb905,906&#8243; title_font_size=\u00bb0px\u00bb][\/et_pb_gallery][\/et_pb_column][et_pb_column type=\u00bb1_2&#8243; _builder_version=\u00bb3.25.1&#8243; custom_padding=\u00bb18vw||\u00bb][et_pb_text _builder_version=\u00bb4.0.4&#8243; text_font=\u00bb||||||||\u00bb text_font_size=\u00bb4px\u00bb header_font_size=\u00bb11px\u00bb header_2_font=\u00bbOverpass|900|||||||\u00bb header_2_font_size=\u00bb56px\u00bb header_2_line_height=\u00bb1.1em\u00bb header_3_font=\u00bbOverpass|600|||||||\u00bb header_3_text_color=\u00bb#00b4ff\u00bb header_3_font_size=\u00bb30px\u00bb header_3_line_height=\u00bb1.2em\u00bb background_layout=\u00bbdark\u00bb width=\u00bb100%\u00bb header_2_font_size_tablet=\u00bb38px\u00bb header_2_font_size_phone=\u00bb26px\u00bb header_2_font_size_last_edited=\u00bbon|desktop\u00bb header_3_font_tablet=\u00bb\u00bb header_3_font_phone=\u00bbOverpass|700|||||||\u00bb header_3_font_last_edited=\u00bbon|phone\u00bb header_3_font_size_tablet=\u00bb24px\u00bb header_3_font_size_phone=\u00bb18px\u00bb header_3_font_size_last_edited=\u00bbon|desktop\u00bb locked=\u00bboff\u00bb]<\/p>\n<h3><span style=\"font-size: x-large; color: #ffffff;\">La Fundaci\u00f3n viene trabajando hace ya m\u00e1s de cinco a\u00f1os para generar experiencias de aprendizaje pertinentes que incorporan herramientas y recursos gr\u00e1ficos, digitales, fotogr\u00e1ficos, audiovisuales y de su cultura popular, para promover la apropiaci\u00f3n creativa en las comunidades. En este sentido, se realizan talleres basados en la conectividad, la interactividad, la hipertextualidad y la convergencia de distintos artefactos y medios, propios de los nuevos ecosistemas comunicativos que hoy vivimos.<\/span><\/h3>\n<p>[\/et_pb_text][et_pb_divider color=\u00bb#00b4ff\u00bb divider_weight=\u00bb2px\u00bb _builder_version=\u00bb3.25.1&#8243; width=\u00bb100px\u00bb custom_margin=\u00bb||0px\u00bb][\/et_pb_divider][\/et_pb_column][\/et_pb_row][et_pb_row column_structure=\u00bb1_4,3_4&#8243; _builder_version=\u00bb4.0.4&#8243; hover_enabled=\u00bb0&#8243; custom_padding=\u00bb0px|||||\u00bb][et_pb_column type=\u00bb1_4&#8243; _builder_version=\u00bb3.25.1&#8243; custom_padding=\u00bb380px||\u00bb custom_padding_tablet=\u00bb0px||\u00bb custom_padding_phone=\u00bb\u00bb custom_padding_last_edited=\u00bbon|desktop\u00bb][\/et_pb_column][et_pb_column type=\u00bb3_4&#8243; _builder_version=\u00bb3.25.1&#8243; custom_padding=\u00bb380px||\u00bb custom_padding_tablet=\u00bb0px||\u00bb custom_padding_phone=\u00bb\u00bb custom_padding_last_edited=\u00bbon|desktop\u00bb][et_pb_gallery _builder_version=\u00bb4.0.4&#8243; gallery_ids=\u00bb907,908,909&#8243; hover_enabled=\u00bb0&#8243; custom_margin=\u00bb-367px|||||\u00bb title_font_size=\u00bb0px\u00bb posts_number=\u00bb3&#8243;][\/et_pb_gallery][\/et_pb_column][\/et_pb_row][\/et_pb_section]<\/p>\n","protected":false},"excerpt":{"rendered":"<p>MOCHILAS TIC-TAC-TEPMochilas TIC-TAC-TEP, es un programa que le apuesta al sentido pedag\u00f3gico de las TIC: Tecnolog\u00edas de la Informaci\u00f3n y la Comunicaci\u00f3n, TAC: Tecnolog\u00edas del Aprendizaje y el Conocimiento, TEP: Tecnolog\u00edas del Empoderamiento y la Participaci\u00f3n.Asumimos que las tecnolog\u00edas y los medios son parte fundamental de las realidades que ni\u00f1os, ni\u00f1as, j\u00f3venes y comunidades habitan [&hellip;]<\/p>\n","protected":false},"author":1,"featured_media":0,"parent":0,"menu_order":0,"comment_status":"closed","ping_status":"closed","template":"","meta":{"_et_pb_use_builder":"on","_et_pb_old_content":"","_et_gb_content_width":"","footnotes":""},"_links":{"self":[{"href":"https:\/\/www.fundacionchisua.org\/web\/wp-json\/wp\/v2\/pages\/319"}],"collection":[{"href":"https:\/\/www.fundacionchisua.org\/web\/wp-json\/wp\/v2\/pages"}],"about":[{"href":"https:\/\/www.fundacionchisua.org\/web\/wp-json\/wp\/v2\/types\/page"}],"author":[{"embeddable":true,"href":"https:\/\/www.fundacionchisua.org\/web\/wp-json\/wp\/v2\/users\/1"}],"replies":[{"embeddable":true,"href":"https:\/\/www.fundacionchisua.org\/web\/wp-json\/wp\/v2\/comments?post=319"}],"version-history":[{"count":11,"href":"https:\/\/www.fundacionchisua.org\/web\/wp-json\/wp\/v2\/pages\/319\/revisions"}],"predecessor-version":[{"id":911,"href":"https:\/\/www.fundacionchisua.org\/web\/wp-json\/wp\/v2\/pages\/319\/revisions\/911"}],"wp:attachment":[{"href":"https:\/\/www.fundacionchisua.org\/web\/wp-json\/wp\/v2\/media?parent=319"}],"curies":[{"name":"wp","href":"https:\/\/api.w.org\/{rel}","templated":true}]}}